actor of c?
True
Does 23 divide 6734/98 + (4/14)/1?
True
Let g be (8/(-10))/(12/(-30)). Let u be ((-2)/3)/g*33. Let h = u - -21. Is 5 a factor of h?
True
Let y = -15 - -26. Let u = 5 + y. Is 12 a factor of u?
False
Let c = -44 - -68. Is c a multiple of 11?
False
Is 2/(-3) + (-10013)/(-57) - 0 a multiple of 14?
False
Let z be (-4)/6 + 22/6. Suppose 4*y - 2*s - 37 - 39 = 0, -z*s = 2*y - 30. Is 16 a factor of y?
False
Suppose 0 = -11*n + 6*n + 65. Is n even?
False
Suppose 4*u - u - 69 = 0. Suppose u = 2*s + y, 0*s - 3*s + 35 = y. Is 13 a factor of (s/18)/((-4)/(-234))?
True
Suppose -3*r = -9*r + 216. Is r a multiple of 19?
False
Let d = -30 + 99. Does 23 divide d?
True
Suppose -3*f - 56 - 79 = 0. Is ((f + -3)/3)/(-1) a multiple of 7?
False
Let g(j) be the first derivative of -j + 13/3*j**3 - j**2 - 2. Is g(-1) a multiple of 7?
True
Let l be ((-6)/12)/(2/(-48)). Suppose -4*h - l = 0, 0 = -2*z - 0*z + 2*h + 24. Is z a multiple of 6?
False
Let u(i) = 4*i**3 + i - 1. Let z be u(1). Suppose 85 = 5*s - 5*y, 0 = -0*s + 5*s - z*y - 88. Is s a multiple of 10?
True
Suppose 103 = -x - f, 4*f - 88 = -2*x + 3*x. Is x/(-3) + 1/(-3) a multiple of 16?
False
Let n = -8 - -12. Suppose 18 + 22 = n*k. Is 10 a factor of k?
True
Suppose 5*k - 5*n - 236 = 159, -k + 87 = -5*n. Is 16 a factor of k?
False
Suppose -6*o = -o - s - 3439, 20 = -5*s. Is o/12 - 1/4 a multiple of 19?
True
Suppose 0 = -3*s - 4*o + 14, -4*s + o = 4*o - 14. Suppose i + 11 = s*i. Is 6 a factor of i?
False
Let y(i) = i**3 - 14*i**2 - 14*i + 15. Is y(15) a multiple of 5?
True
Let y(s) = s**3 + 3*s**2 + 2*s + 2. Let f be y(-2). Suppose -56 = -2*g - 2*n, 3*n - 12 = -g - f*n. Is g a multiple of 16?
True
Suppose 4*q + 3*v - 2 - 75 = 0, -q - 3*v + 26 = 0. Is 17 a factor of q?
True
Let w = 16 + -10. Is w a multiple of 3?
True
Suppose -284 = -3*t + 4*c, 2*t - 2*c - 201 = 3*c. Suppose 0*s - 2*s + 2*d = 58, 0 = 3*s - 4*d + t. Does 7 divide (s/6)/(2/(-6))?
True
Let p(l) = -l**3 - l**2 + 3*l + 18. Is 22 a factor of p(-6)?
False
Let f(b) be the third derivative of b**6/120 + b**5/12 - 7*b**4/24 - b**3/6 + 6*b**2. Let x = 3 + -8. Is f(x) a multiple of 17?
True
Let a(d) = 2*d - d**3 + 4 - 2*d**2 - 4 + 11*d**2. Is 6 a factor of a(9)?
True
Let k = -11 - -17. Does 6 divide k?
True
Suppose -48 = -2*c + 6*c. Let b be 3/(1 - c/(-21)). Suppose 4*h - b = 13. Does 5 divide h?
True
Let v be -1*((1 - 0) + -1). Suppose -r - r = v. Suppose 2*d + d = -2*o + 37, r = 2*d - 10. Is 4 a factor of o?
False
Suppose 272 = 2*w + 3*j, 264 = 2*w + 5*j - 0*j. Is 39 a factor of w?
False
Let l(h) = -h - 1. Let u be l(-4). Suppose 5*b - u*b = 38. Is 10 a factor of b?
False
Let g be (-8)/(-6)*(-9)/(-6). Suppose 4*r - g*r = 10. Is 2 a factor of r?
False
Suppose -2*g - 3*g + 194 = -3*c, 2*g - 3*c - 74 = 0. Is 11 a factor of g?
False
Let l(n) be the third derivative of -n**5/60 - 11*n**4/24 - 5*n**3/6 - 3*n**2. Suppose 2*g = -5*i - 46, i - 2*g + 4 = 2. Is l(i) a multiple of 9?
False
Suppose 0 = 13*l - 9*l - 164. Is 7 a factor of l?
False
Let b be ((-4)/(-10))/(-1)*-15. Suppose b*u - 112 = 2*u. Does 14 divide u?
True
Let t(x) = x**3 - 4*x**2 + 2*x + 4. Let z be t(3). Is 13 a factor of ((-29)/3)/(z/(-3))?
False
Let p be (2 - 3)*(-10)/(-2). Let t = 0 - p. Is t a multiple of 3?
False
Suppose -2*f - 3*f = -165. Is 11 a factor of f?
True
Suppose -4*q - 5*f = 24, -2*f = -3*q - 5 - 13. Let x(t) = -18*t + 3. Let y be x(q). Suppose y = 5*v - 4*h, 4 = -2*h - 4. Is 12 a factor of v?
False
Suppose g + 0 = 4. Suppose a - 14 = 4*q, -20 = 7*q - 2*q. Let m = g + a. Does 2 divide m?
True
Let w be -2 - (1 - -32) - 1. Let q(r) = -r**3 - 9*r**2 - 7*r - 3. Let p be q(-6). Let m = w - p. Is m a multiple of 11?
True
Let a(n) = 4*n**2 - 11*n + 7. Does 18 divide a(7)?
True
Suppose -2*r - 22 + 66 = 0. Does 11 divide r?
True
Is 14 a factor of -71*(-3 - (-6)/3)?
False
Suppose 44 = 7*l - 3*l + d, -5*d + 28 = 4*l. Is l a multiple of 12?
True
Let r(u) = -u**2 - 7*u + 11. Let s(a) = -a + 1. Let c(j) = -r(j) + 2*s(j). Let p be (-1)/3 + 20/(-3). Does 2 divide c(p)?
False
Let q be 2/(-8) + 13/4. Suppose -4*r + 68 = 4*u, -30 - 17 = -q*u - 5*r. Is u a multiple of 7?
False
Let l be 7*5/(15/63). Suppose 0*s + 3*h + l = 4*s, -3*s - h + 120 = 0. Does 13 divide s?
True
Suppose 0*a = -4*a. Suppose -5*m + d = -51, d + a = 4. Suppose -3*k - 73 = -3*u + 2*k, u - m = -k. Is u a multiple of 8?
True
Let h(u) = u**2 - 2*u - 1. Let q be h(-1). Is 3*3 + (q - -1) a multiple of 4?
True
Suppose 7*m + 56 = 3*m. Let u = m - -29. Is u a multiple of 3?
True
Suppose 4*z - 2*f - 30 = 0, 5*z = -3*f + 4*f + 42. Is z a multiple of 3?
True
Let s(f) = -10*f**2 - 2*f - 5. Let w(d) = -21*d**2 - 5*d - 11. Let o(g) = -7*s(g) + 3*w(g). Let b be (-1)/(-4) - (-14)/8. Is 14 a factor of o(b)?
True
Let m(v) = 8*v + 10. Does 15 divide m(7)?
False
Let x = -15 + 30. Does 11 divide x?
False
Is 13 a factor of -3 + (4 + -2 - -53)?
True
Let t be (-4)/10 - (-36)/15. Suppose -t*p - p = -9. Does 22 divide (-2)/p + (-68)/(-3)?
True
Let t(i) = i**2 - 2*i + 6. Let w(p) = 2*p**2 - 3*p + 6. Let d(y) = -3*t(y) + 2*w(y). Does 13 divide d(8)?
False
Suppose 2*f + 4*l + 4 = 0, 3*f + 2 = -5*l - 2. Let d be 6/f + (-3)/(-3). Let v = d - 0. Does 4 divide v?
True
Let x = 3 - -103. Is 53 a factor of x?
True
Let a(y) = -13*y + 4. Let c be a(-2). Let n be ((-5)/10)/((-1)/(-16)). Let p = n + c. Is 10 a factor of p?
False
Suppose -2*n + 89 = -23. Is n a multiple of 11?
False
Let i = -7 - -12. Suppose -5*u = -3*b + 12 + 72, i*b = -4*u - 82. Let j = u - -76. Is 21 a factor of j?
False
Let l(t) = -t**2 - 8*t + 5. Is l(-4) a multiple of 7?
True
Let t(m) = -m + 10. Let d be (0 + 1)/(2/(-6)). Let g = d + 8. Does 3 divide t(g)?
False
Suppose -4*f + 2*a = 6*a - 36, a = 2*f - 15. Is 2 a factor of f?
True
Let m = 9 - 0. Does 15 divide (-196)/6*m/(-6)?
False
Suppose -134 = -5*p + 46. Does 13 divide p?
False
Suppose 5*d + 32 = 3*g, 5*g + 0*g + 4*d - 78 = 0. Let c be 396/g - (-2)/(-7). Suppose -4*p - c = -6*p + 4*w, -w - 47 = -3*p. Does 16 divide p?
True
Let w be -1*(-4 + 2) + 0. Suppose n + 13 = w*n. Is n a multiple of 13?
True
Let k(v) = -v**2 - 17*v + 12. Is k(-12) a multiple of 24?
True
Suppose 0 = -3*o + 9 - 0. Suppose 2*d - 40 = 2*a + 10, a + 81 = o*d. Suppose 4*p + 0*p - d = 0. Does 3 divide p?
False
Let s be (5 - 3)/(4/106). Suppose 3*y + s - 149 = 0. Is 13 a factor of y?
False
Suppose -4 = -4*y - 5*q + 29, -y - 3*q = -17. Let n(o) = 4 - 1 - o - 5*o + y*o. Is n(-3) a multiple of 7?
False
Let o be 71 - 2*1/(-2). Suppose v = 4*j - 1 + 39, -4*v - 4*j = -o. Is v a multiple of 5?
False
Let m(s) = s**3 + s**2 + 2*s - 2. Does 5 divide m(2)?
False
Let h(f) be the first derivative of 5/4*f**4 - f**3 + f**2 + 0*f + 2. Does 16 divide h(2)?
True
Suppose 11 - 27 = 4*j. Is 6 a factor of (-26)/(-4) + j/8?
True
Suppose -2 = 5*l - 2*v + 7, 5*v = 5*l + 15. Let b = l - -7. Does 3 divide b?
True
Let n(j) = -4*j - 9. Let q be n(-6). Suppose 2*v - 3 = m, -m = 2*v - 5*m + 6. Suppose i - 5*g = q, 2*g + g + 57 = v*i. Is i a multiple of 12?
False
Suppose 2*u - 120 = -4*w, -5*w + 15 = 5. Suppose 0 = 2*q + 2, -4*f = -3*q - 31 - u. Is f a multiple of 11?
False
Let l be ((-6)/10)/(-1)*105. Let i be 35/2*24/(-10). Let x = l + i. Does 10 divide x?
False
Let u be ((-96)/40)/((-2)/10). Suppose -4*t + 34 + 38 = -4*o, 2*o - u = -t. Does 15 divide t?
False
Suppose 2*g = -2*w + g + 84, 3*w - 2*g = 140. Does 14 divide (-2)/3 + w/3?
True
Suppose -26 + 11 = -5*w. Let b(g) = -3*g**3 + 25*g**2 - 2*g - 8. Let r(s) = -2*s**3 + 13*s**2 - s - 4. Let f(h) = w*b(h) - 5*r(h). Is 3 a factor of f(-10)?
True
Suppose 2*g - 360 = -g. Suppose -4*u + 2*t - 34 + g = 0, -5*u + 102 = 3*t. Is u a multiple of 7?
True
Let j(l) = -4*l + 11. Is 28 a factor of j(-16)?
False
Is (2 - -2) + (34 - 0) a multiple of 19?
True
Let d = 137 - 67. Is d a multiple of 35?
True
Let j be ((-68)/(-8))/((-1)/(-2)). Let t = j - -7. Is t a multiple of 24?
True
Suppose -5*d = 25, 0 = -4*j - d - 3*d + 356. Is j a multiple of 14?
False
Let m = -26 - -33. Does 2 divide m?
False
Let s be (-2)/7 + (-120)/21. Suppose -2 = -y + 3*y. Does 4 divide (-3)/6*s - y?
True
Suppose 5*j = s - 28, -3*s + 16 = 3*j - j. Does 4 divide s?
True
Let t(q) = -q**3 + 3*q**2 - 2*q - 4. Let v be t(3). Let u = 45 + v. Does 7 divide u?
True
Let i(h) = -2*h - 10. Let 